(3). Let l(w) = 16*w + 12. Determine l(p).
-52
Let b(v) = -9*v - 13. Let c be (-24)/180 + 392/(-210). What is b(c)?
5
Let k(h) be the second derivative of -h**5/20 + 7*h**4/12 + h**3/2 + 2*h**2 - 268*h - 3. Give k(8).
-36
Let u(o) = 50 + 57 - 155 - 3*o + 0*o + 58. Let h(g) = -4*g + 11. Let s(t) = 4*h(t) - 5*u(t). Calculate s(-2).
-4
Let l = 0 + 7. Let r(c) = 42*c + 2544. Let x(n) = -15*n - 897. Let m(q) = -6*r(q) - 17*x(q). Give m(l).
6
Let m(d) = d**3 + d**2 + 7. Let o(s) = s**2 + 13*s - 268. Let f be o(-24). Give m(f).
-41
Suppose 0 = -5*l - 2 - 8. Let z = -30 - -33. Let u(b) = -2 + 0 + 1 + b + b**2 + 4*b**z - 3*b**3. Calculate u(l).
-7
Let q(m) = m**3 + 6*m**2 - 16*m - 2. Let a(l) = l**3 + 5*l**2 - 54*l - 288. Let o be a(-7). Give q(o).
-2
Let q(s) = -2*s + 1. Let r(p) be the first derivative of p**5/40 + p**4/24 + 29*p**3/3 + 9. Let f(h) be the third derivative of r(h). Let i be f(-1). Give q(i).
5
Let l be 5 + 1 - (-5*235/(-100) - 6). Let v(c) be the second derivative of -1/6*c**3 + 0 - l*c**4 - 3/2*c**2 - 1/20*c**5 + 40*c. What is v(-3)?
0
Let i(q) = 4*q + 1. Let g(r) = r**3 + 8*r**2 + 5*r + 2. Let d be g(-6). Let u(s) = 2*s + 77. Let m be u(-36). Suppose 0 = m*y - d + 34. Give i(y).
9
Let w = 923/3660 - 2/915. Let s(r) be the first derivative of -r + 12 - 1/2*r**2 + 4/3*r**3 + w*r**4. Give s(-3).
11
Let s(r) = -r**3 - 5933541*r**2 + 5933549*r**2 - 3*r - 2*r. Give s(5).
50
Suppose 0 = 143*p - 148*p - 45. Let v(l) = -l**2 - 8*l + 3. Let j be v(p). Let i(s) = s**2 + 6*s + 9. Calculate i(j).
9
Let g(k) = -k**3 - 5*k**2 + 6*k - 7. Let o(h) = -5*h + 7. Let p be o(0). Suppose -p*j + 8 = -27. Suppose -j*b = 3*m - 2, -4*m + 2*b = 7 + 25. Give g(m).
-7
Let g = 4781 + -4783. Let r(x) = -2*x - 2*x + x. Give r(g).
6
Let t(j) = 250 - 105*j - 57*j + 84*j - j**2 + 50*j + 73*j. Calculate t(50).
0
Let o(j) = -7*j + j + 2*j**2 + 3*j - 1. Suppose 7*q - 115 = -101. Calculate o(q).
1
Let r(j) = -42*j - 2 + 71*j + 4 + 0 - 1. Calculate r(2).
59
Suppose z - 284 + 372 = 0. Let m = z - -85. Let r(n) = -2*n**2 - 2*n - 4. Calculate r(m).
-16
Let z(q) = -2*q**3 + 18*q**2 - 17*q + 10. Suppose 2*x + h + 9 = 26, -4*h - 36 = -5*x. What is z(x)?
2
Suppose -g + 7*g = -i + 31, -12 = -2*i - 2*g. Let t(f) = -17*f - 1. Give t(i).
-18
Let o be (1 + 1)/(4/(-6)). Let l(y) = 17*y - 29 - 5*y**2 - 11*y + 27 + 6*y**2. Calculate l(o).
-11
Let t(q) be the second derivative of q**4/12 - 7*q**3/6 - 40*q**2 - 1026*q. What is t(-6)?
-2
Let l(c) = c**2 - 4*c + 5. Suppose 0*u - 2*u + 24 = 5*h, 2 = 3*u - h. Let b be 9/6*((-6)/9 + u). Suppose 0 = 2*x + 4*s, -b*x - 4*s = -x + 4. Calculate l(x).
5
Suppose 4*h = -5*f + 32, 2*h - 59 = -h + 5*f. Suppose a - h = -10. Let m(o) be the second derivative of -o**4/6 + 2*o**3/3 - o**2/2 + 13*o. What is m(a)?
-7
Suppose 361*f + 92 = -1352. Let m(n) = n**2 - n + 6. Let c(j) = 2*j**2 + 6. Let r(g) = 2*c(g) - 3*m(g). Give r(f).
-2
Let f = 22018 - 22020. Let y(b) = b**2 + b. What is y(f)?
2
Let i(f) = -f**3 + 8*f**2 - 3*f + 7. Suppose x - 4 = -z + 9, 0 = 2*z + 3*x - 25. Let s be -4*4/(-6)*(17 - z). Determine i(s).
-17
Let i(r) = 6*r + 244. Let s(v) = -470*v - 3330. Let j be s(-7). Determine i(j).
4
Let t(y) = 7 + 23666*y**2 - 5*y - 47340*y**2 + 23675*y**2. Determine t(7).
21
Let c = 734/9 + -1465/18. Let a(u) be the third derivative of 1/3*u**3 - c*u**4 + 18*u**2 + 0 + 0*u. Calculate a(-2).
10
Let n(d) = -4*d**3 + 26*d**2 - 20*d + 10. Let w(s) = -9*s**3 + 56*s**2 - 41*s + 17. Let z(y) = 7*n(y) - 3*w(y). Calculate z(13).
-33
Let l(p) = -p - 4. Let s be l(5). Let o(g) = g**2 + 4*g - 34. Let u be o(5). Let a(f) = -2*f**2 + u*f - 5*f**2 - 1 + 11*f**2 - 3*f**2. Calculate a(s).
-19
Let g(t) = 3*t + 10. Let u be -26*(-16)/3*(-123)/(-41). Let n = u - 420. Determine g(n).
-2
Suppose 3 + 5 = -4*p, -3*v - 5*p - 10 = 0. Suppose -12 = -d + 2*u + 78, v = -4*u + 12. Suppose -6*l = 6*l + d. Let x(m) = -m**2 - 7*m + 1. Calculate x(l).
-7
Let s(o) = -o**3 - 330*o**2 - 24517*o + 859. Let d be s(-217). Let k(r) be the third derivative of r**4/12 + 7*r**3/2 + r**2. What is k(d)?
3
Suppose -n = 4*r + 19, 2*r - 9 = -5*n - 50. Let p(k) = 6*k + 38. Give p(n).
-4
Let o(j) = -20*j**3 - 69*j**2 + 12*j + 123. Let k(m) = 7*m**3 + 24*m**2 - 4*m - 44. Let h(x) = 17*k(x) + 6*o(x). Suppose -6*r = -2*r + 28. Determine h(r).
11
Let f(j) be the second derivative of j**4/6 + 13*j**3/3 - 10*j**2 - 815*j. Calculate f(-14).
8
Let l(v) = v**3 + 4*v**2 - 13*v - 54. Let t = 18758 - 18762. Determine l(t).
-2
Let m(l) = -176 + 39 + l + 63 + 56. What is m(-6)?
-24
Let n(v) = 59*v**2 - 120*v**2 + 56*v**2 - 4. Let l(g) = -3*g**2 - 2. Let f(d) = 7*l(d) - 4*n(d). What is f(2)?
-2
Suppose 27*u + 91*u - 3920 = -22*u. Let x(w) be the third derivative of 0 + 0*w - u*w**2 - 2/3*w**3 - 1/12*w**4. Determine x(3).
-10
Let v = -25 - -30. Suppose -p = v - 10. Let w(h) = 5*h - 26. What is w(p)?
-1
Suppose 0 = -7*j - 17*j + 579 - 219. Let t(g) = -2*g**2 + 31*g - 3. Determine t(j).
12
Let w(z) = 16*z - 24. Let k(h) = 13*h - 21. Let q(x) = -8*k(x) + 6*w(x). What is q(9)?
-48
Let y(a) = -10*a**2 + 20*a**2 - 10*a**2 - 7*a**2. Suppose 4 = m + 3. Calculate y(m).
-7
Let o = -69 + 67. Let q(t) = -7*t + 1. Let n be q(o). Let j = -22 + n. Let x(g) = -g**2 - 5*g + 8. Determine x(j).
-6
Suppose 61*r = 67*r - 240. Suppose r = 8*l - 4*l. Let c(y) = -y**2 + 12*y - 17. Determine c(l).
3
Let c(j) = 2*j**2 + 17*j - 2*j + 0*j**2 - 27 - 35 + 43*j. Calculate c(-30).
-2
Let m(r) = -39*r**3 - 117*r**2 - 2*r - 4. Let f be m(-3). Let i(h) = -h**2 - 12*h + 24. Calculate i(f).
-4
Let m = -15552 + 15562. Let f(y) = 9*y - 96. Determine f(m).
-6
Suppose y + 3*y = -3*u + 334, 0 = 3*u + 6. Let n be 4/16 + 3/((-60)/y). Let z(l) = -l**3 - 5*l**2 - 3*l + 4. Determine z(n).
0
Let s(j) = -20*j - 2. Let c(v) = 45*v - 14. Let h(l) = c(l) + 2*s(l). Give h(-11).
-73
Let g(m) = 20*m - 42. Let z be g(5). Suppose -2*k + 236 = 4*r + 3*k, 5*k - 295 = -5*r. Let l = r - z. Let x(w) = -w**2 + w. Give x(l).
0
Let r(p) = 2*p**2 + 19*p - 6. Let y(h) = h**2 + 3*h - 1. Let g(t) = -r(t) + 6*y(t). Suppose 0 = 2*k + 3*q - 0 - 4, -2*q = -k - 5. Calculate g(k).
5
Let l(u) = 25*u - 4. Let j(a) = -82*a + 12. Let q(i) = -6*j(i) - 20*l(i). What is q(0)?
8
Let p = 435 + -428. Let n(c) = 2 + p - 2 + c - 2 + 3*c**2 - 1. Give n(-3).
28
Let l be -5 - ((-12)/(-42) - 498/126 - 2). Let i(p) be the second derivative of -2*p**2 + l*p**3 + 6*p + 0. Calculate i(3).
8
Let w be 34/((-2)/(4 + -5)) - 7. Let n(p) be the third derivative of p**6/120 - p**5/6 - 2*p**3/3 - 3*p**2. Give n(w).
-4
Let y(x) = 33*x**2 + 1 - 9*x**2 + 0 - 7*x**2 - 13*x**2. Let g be (6/(-24))/(2/(-24)). Give y(g).
37
Suppose -3*r = 4*r. Let q(t) = t**3 - 6*t**2 + 6*t - 10. Let d(m) = -2*m**3 + 11*m**2 - 11*m + 19. Let p(h) = -6*d(h) - 11*q(h). Determine p(r).
-4
Let i(k) = -3*k - 26. Let q be i(-11). Let s(t) = 0 - 4 + 4 - q*t. Let w(l) = -8*l. Let v(d) = -5*s(d) + 4*w(d). Give v(-3).
-9
Let o be (6*(-2)/9)/((-9)/(-54)). Let k(j) = -20*j - 156. Determine k(o).
4
Let n(w) be the second derivative of 0*w**2 + 2*w + 8 + 1/20*w**5 + 1/6*w**4 + 1/6*w**3. Give n(-1).
0
Suppose -131 = -13*h - 66. Let k(y) = y**2 + y - 1. Let q(d) = -d**3 - 10*d**2 - 6*d + 12. Let j(g) = h*k(g) + q(g). What is j(-4)?
-5
Let w(p) = 5*p**3 + 10*p**2 - 31*p. Let a(r) = 14*r**3 + 31*r**2 - 91*r. Let b(d) = -6*a(d) + 17*w(d). Calculate b(15).
60
Let c(v) = v**3 - 9*v**2 - 13*v + 21. Let f be 40/(-2)*7*16/(-224). What is c(f)?
-9
Let d(q) = 2*q**3 + 5*q - 3. Let y(l) = l**3 - l**2 + 5*l - 2. Let h(x) = 2*d(x) - 3*y(x). Suppose 0 = 4*k - 3*k + 100. Let g = k + 96. Give h(g).
4
Suppose 231*d - 26 = 229*d. Suppose 5*u = x - d, 4*x + 28 = -u + 17. Let q(v) = -2*v**3 - v**2 - 4*v - 5. Calculate q(x).
15
Let p = -198477 - -198474. Let n be (-4)/(-10) + (-39)/(-15). Let j(a) = a - 2 - n*a + a. What is j(p)?
1
Let i(m) = -58*m - 219. Suppose -654 + 54 = -395*c + 545*c. Give i(c).
13
Let u(l) = 3*l**2 - 12*l. Let x be u(2). Let f(y) = -y**3 - 12*y**2 - y - 12. Determine f(x).
0
Suppose 2*o - 45 + 41 = 0. Let i(r) = -1 - 5*r**2 + 6*r - 2*r**2 - 3*r**3 + 11*r**2 + o*r**3. Give i(5).
4
Let n(t) be the first derivative of t**4/8 - 7*t**3/2 + 20*t**2 - 89. Let a(q) be the second derivative of n(q). Give a(9).
6
Let z(w) = 2*w**3 + 10*w**2 + 4*w - 5. Let v(r) = -3*r*